{"id":565,"date":"2024-09-10T14:16:28","date_gmt":"2024-09-10T12:16:28","guid":{"rendered":"http:\/\/spwrzosowo.pl\/?page_id=565"},"modified":"2025-06-04T15:00:24","modified_gmt":"2025-06-04T13:00:24","slug":"organizacja-roku-szkolnego-2024-2025","status":"publish","type":"page","link":"http:\/\/spwrzosowo.pl\/index.php\/organizacja-roku-szkolnego-2024-2025\/","title":{"rendered":"Organizacyjna roku szkolnego 2024\/2025"},"content":{"rendered":"\n<p class=\"has-text-align-center\">w Publicznej Szkole Podstawowej im. Ignacego \u0141ukasiewicza we Wrzosowie<\/p>\n\n\n\n<p class=\"has-text-align-center\">ORGANIZACJA ROKU SZKOLNEGO 2024\/2025<br>w Publicznej Szkole Podstawowej im. Ignacego \u0141ukasiewicza we Wrzosowie<\/p>\n\n\n\n<p class=\"has-text-align-center\">W roku szkolnym 2024\/2025 obowi\u0105zuje nast\u0119puj\u0105ca organizacja:<\/p>\n\n\n\n<ol class=\"wp-block-list\">\n<li>Rozpocz\u0119cie zaj\u0119\u0107 dydaktyczno-wychowawczych 02 wrze\u015bnia 2024r.<br>\u2013 apel 2 wrze\u015bnia 2024r. o godz. 8.30.<\/li>\n\n\n\n<li>I semestr roku szkolnego trwa od 02.09.2024r. do 17.01.2025r.<\/li>\n\n\n\n<li>II semestr roku szkolnego trwa od 20.01.2025r. do 27.06.2025r.<\/li>\n\n\n\n<li>Zimowa przerwa \u015bwi\u0105teczna trwa od 23.12.2024r. do 7 stycznia 2025r.<\/li>\n\n\n\n<li>Ferie zimowe trwaj\u0105 od 03.02.2025r. do 16.02.2025r.<\/li>\n\n\n\n<li>Wiosenna przerwa \u015bwi\u0105teczna trwa od 17 kwietnia 2025r, do 22 kwietnia 2025r.<\/li>\n\n\n\n<li>Egzamin \u00f3smoklasisty<\/li>\n<\/ol>\n\n\n\n<p class=\"has-text-align-center\">W szko\u0142ach dla dzieci i m\u0142odzie\u017cy oraz w szko\u0142ach dla doros\u0142ych, w kt\u00f3rych nauka ko\u0144czy si\u0119                            w semestrze wiosennym                                                                                                                                         W terminie g\u0142\u00f3wnym<\/p>\n\n\n\n<ol class=\"wp-block-list\">\n<li>j\u0119zyk polski \u2013 13 maja 2025r. (wtorek) \u2013 godz. 9:00<\/li>\n\n\n\n<li>matematyka \u2013 14 maja 2025r. (\u015broda) \u2013 godz. 9:00<\/li>\n\n\n\n<li>j\u0119zyk obcy nowo\u017cytny \u2013 15 maja 2025r. (czwartek) \u2013 godz.<br>9:00<\/li>\n<\/ol>\n\n\n\n<p class=\"has-text-align-center\">W terminie dodatkowym<\/p>\n\n\n\n<ol class=\"wp-block-list\">\n<li>j\u0119zyk polski \u2013 10 czerwca 2025 r. (wtorek) \u2013 godz. 9:00<\/li>\n\n\n\n<li>matematyka \u2013 11 czerwca 2025 r. (\u015broda) \u2013 godz. 9:00<\/li>\n\n\n\n<li>j\u0119zyk obcy nowo\u017cytny \u2013 12 czerwca 2025 r. (czwartek) \u2013<br>godz. 9:00<\/li>\n\n\n\n<li>Zako\u0144czenie zaj\u0119\u0107 dydaktyczno \u2013 wychowawczych 27 czerwca 2025r. (pi\u0105tek)<\/li>\n\n\n\n<li>Og\u0142oszenie wynik\u00f3w egzaminu \u00f3smoklasisty<\/li>\n<\/ol>\n\n\n\n<p>W przypadku egzaminu \u00f3smoklasisty przeprowadzanego w maju i w czerwcu:<\/p>\n\n\n\n<p>Termin og\u0142aszania wynik\u00f3w<br>egzaminu \u00f3smoklasisty, w tym<br>termin przekazania wynik\u00f3w<br>szko\u0142om<\/p>\n\n\n\n<p>4 lipca 2025r.<\/p>\n\n\n\n<p>Termin przekazania szko\u0142om<br>za\u015bwiadcze\u0144 i informacji<\/p>\n\n\n\n<p>do 4 lipca 2025r.<\/p>\n\n\n\n<p>Termin wydania zdaj\u0105cym<br>za\u015bwiadcze\u0144 oraz informacji 4 lipca 2025r.<\/p>\n\n\n\n<ol start=\"10\" class=\"wp-block-list\">\n<li>Ferie letnie trwaj\u0105 od 28 czerwca 2025r. do 31 sierpnia 2025r.<\/li>\n\n\n\n<li>Zebrania z rodzicami odb\u0119d\u0105 si\u0119 w nast\u0119puj\u0105cych terminach:<br>Data Dzie\u0144 tygodnia Og\u00f3lna tematyka zebra\u0144<\/li>\n<\/ol>\n\n\n\n<p>10.09.2024r. wtorek<\/p>\n\n\n\n<ul class=\"wp-block-list\">\n<li>Organizacja roku szkolnego<\/li>\n\n\n\n<li>Komunikaty dyrektora<\/li>\n\n\n\n<li>Wyb\u00f3r tr\u00f3jek klasowych<br>05.11.2024r. wtorek &#8211; Sprawy bie\u017c\u0105ce<\/li>\n<\/ul>\n\n\n\n<p>12.12.2024r. czwartek &#8211; Poinformowanie o przewidywanych<br>ocenach \u015br\u00f3drocznych z zaj\u0119\u0107<br>edukacyjnych i zachowania,<\/p>\n\n\n\n<ul class=\"wp-block-list\">\n<li>Podsumowanie pracy szko\u0142y i klasy<br>w semestrze I.<\/li>\n<\/ul>\n\n\n\n<p>11.03.2025r. wtorek<\/p>\n\n\n\n<ul class=\"wp-block-list\">\n<li>Sprawy bie\u017c\u0105ce<\/li>\n\n\n\n<li>Organizacja festynu z okazji Dnia<br>Rodziny<\/li>\n<\/ul>\n\n\n\n<p>27.05.2025r. wtorek &#8211; Poinformowanie o przewidywanych<br>ocenach rocznych i ko\u0144cowych z zaj\u0119\u0107<br>edukacyjnych i zachowania.<\/p>\n\n\n\n<ul class=\"wp-block-list\">\n<li>Podsumowanie pracy szko\u0142y i klasy<br>w semestrze II><\/li>\n<\/ul>\n\n\n\n<ol class=\"wp-block-list\">\n<li>Spotkanie dyrektora z Rad\u0105 Rodzic\u00f3w odb\u0119dzie si\u0119 10.09.2024r. (wtorek) godz. 17.30.<\/li>\n\n\n\n<li>Zebrania i spotkania z rodzicami dzieci z oddzia\u0142\u00f3w 3 \u2013 4 \u2013 latk\u00f3w organizowane b\u0119d\u0105 wg.<br>potrzeby.<\/li>\n\n\n\n<li>Terminy wystawiania ocen klasyfikacyjnych z zaj\u0119\u0107 dydaktycznych i zachowania:<\/li>\n<\/ol>\n\n\n\n<p class=\"has-text-align-center\">16 stycznia 2025r.<br>18 czerwca 2025r.<\/p>\n\n\n\n<p class=\"has-text-align-center\">Terminy rad pedagogicznych:<br>13 wrze\u015bnia 2024r.<br>16 stycznia 2025r.<br>18 czerwca 2025r.<\/p>\n\n\n\n<p>Dodatkowe dni wolne od zaj\u0119\u0107 dydaktyczno \u2013 wychowawczych:<br>01 listopada 2024r. (pi\u0105tek) \u2013 \u015awi\u0119to Zmar\u0142ych<br>11 listopada 2024r. (poniedzia\u0142ek) \u2013 Dzie\u0144 Niepodleg\u0142o\u015bci<br>2 stycznia 2025r. (czwartek)<br>3 stycznia 2025r. (pi\u0105tek)<br>1 maja 2025r. (czwartek)<br>2 maja 2025r. (pi\u0105tek)<br>13, 14, 15 maja 2025r. (wtorek, \u015broda, czwartek) \u2013 egzamin \u00f3smoklasisty<br>16 maja 2025r. (pi\u0105tek)<br>19 czerwca 2025r. (czwartek) \u2013 Bo\u017ce Cia\u0142o<\/p>\n\n\n\n<p>Terminy pr\u00f3bnych egzamin\u00f3w \u00f3smoklasisty \u2013 dok\u0142adne terminy zostan\u0105 przekazane przez<br>nauczycieli przedmiot\u00f3w, z kt\u00f3rych uczniowie b\u0119d\u0105 pisali egzamin.<br>Listopad2024r., Luty 2025r., Marzec 2025r., kwiecie\u0144 2025r. \u2013 podczas lekcji.<\/p>\n\n\n\n<p>Terminy wystawiania przewidywanych ocen klasyfikacyjnych z zaj\u0119\u0107 edukacyjnych i<br>zachowania:<br>13 grudnia 2024r.<br>28 maja 2025r.<\/p>\n\n\n\n<p>Terminy wystawiania ocen klasyfikacyjnych z zaj\u0119\u0107 dydaktycznych i zachowania:<br>16 stycznia 2025r.<br>18 czerwca 2025r.<\/p>\n","protected":false},"excerpt":{"rendered":"<p>w Publicznej Szkole Podstawowej im. Ignacego \u0141ukasiewicza we Wrzosowie ORGANIZACJA ROKU SZKOLNEGO 2024\/2025w Publicznej Szkole Podstawowej im. Ignacego \u0141ukasiewicza we Wrzosowie W roku szkolnym 2024\/2025 obowi\u0105zuje nast\u0119puj\u0105ca organizacja: W szko\u0142ach dla dzieci i m\u0142odzie\u017cy oraz w szko\u0142ach dla doros\u0142ych, w kt\u00f3rych nauka ko\u0144czy si\u0119 w semestrze wiosennym W terminie g\u0142\u00f3wnym W terminie dodatkowym W przypadku [&hellip;]<\/p>\n","protected":false},"author":1,"featured_media":0,"parent":0,"menu_order":0,"comment_status":"closed","ping_status":"closed","template":"","meta":{"footnotes":""},"class_list":["post-565","page","type-page","status-publish","hentry"],"_links":{"self":[{"href":"http:\/\/spwrzosowo.pl\/index.php\/wp-json\/wp\/v2\/pages\/565","targetHints":{"allow":["GET"]}}],"collection":[{"href":"http:\/\/spwrzosowo.pl\/index.php\/wp-json\/wp\/v2\/pages"}],"about":[{"href":"http:\/\/spwrzosowo.pl\/index.php\/wp-json\/wp\/v2\/types\/page"}],"author":[{"embeddable":true,"href":"http:\/\/spwrzosowo.pl\/index.php\/wp-json\/wp\/v2\/users\/1"}],"replies":[{"embeddable":true,"href":"http:\/\/spwrzosowo.pl\/index.php\/wp-json\/wp\/v2\/comments?post=565"}],"version-history":[{"count":4,"href":"http:\/\/spwrzosowo.pl\/index.php\/wp-json\/wp\/v2\/pages\/565\/revisions"}],"predecessor-version":[{"id":2816,"href":"http:\/\/spwrzosowo.pl\/index.php\/wp-json\/wp\/v2\/pages\/565\/revisions\/2816"}],"wp:attachment":[{"href":"http:\/\/spwrzosowo.pl\/index.php\/wp-json\/wp\/v2\/media?parent=565"}],"curies":[{"name":"wp","href":"https:\/\/api.w.org\/{rel}","templated":true}]}}

<p class="has-text-align-center">w Publicznej Szkole Podstawowej im. Ignacego Łukasiewicza we Wrzosowie</p>



<p class="has-text-align-center">ORGANIZACJA ROKU SZKOLNEGO 2024/2025<br>w Publicznej Szkole Podstawowej im. Ignacego Łukasiewicza we Wrzosowie</p>



<p class="has-text-align-center">W roku szkolnym 2024/2025 obowiązuje następująca organizacja:</p>



<ol class="wp-block-list">
<li>Rozpoczęcie zajęć dydaktyczno-wychowawczych 02 września 2024r.<br>– apel 2 września 2024r. o godz. 8.30.</li>



<li>I semestr roku szkolnego trwa od 02.09.2024r. do 17.01.2025r.</li>



<li>II semestr roku szkolnego trwa od 20.01.2025r. do 27.06.2025r.</li>



<li>Zimowa przerwa świąteczna trwa od 23.12.2024r. do 7 stycznia 2025r.</li>



<li>Ferie zimowe trwają od 03.02.2025r. do 16.02.2025r.</li>



<li>Wiosenna przerwa świąteczna trwa od 17 kwietnia 2025r, do 22 kwietnia 2025r.</li>



<li>Egzamin ósmoklasisty</li>
</ol>



<p class="has-text-align-center">W szkołach dla dzieci i młodzieży oraz w szkołach dla dorosłych, w których nauka kończy się                            w semestrze wiosennym                                                                                                                                         W terminie głównym</p>



<ol class="wp-block-list">
<li>język polski – 13 maja 2025r. (wtorek) – godz. 9:00</li>



<li>matematyka – 14 maja 2025r. (środa) – godz. 9:00</li>



<li>język obcy nowożytny – 15 maja 2025r. (czwartek) – godz.<br>9:00</li>
</ol>



<p class="has-text-align-center">W terminie dodatkowym</p>



<ol class="wp-block-list">
<li>język polski – 10 czerwca 2025 r. (wtorek) – godz. 9:00</li>



<li>matematyka – 11 czerwca 2025 r. (środa) – godz. 9:00</li>



<li>język obcy nowożytny – 12 czerwca 2025 r. (czwartek) –<br>godz. 9:00</li>



<li>Zakończenie zajęć dydaktyczno – wychowawczych 27 czerwca 2025r. (piątek)</li>



<li>Ogłoszenie wyników egzaminu ósmoklasisty</li>
</ol>



<p>W przypadku egzaminu ósmoklasisty przeprowadzanego w maju i w czerwcu:</p>



<p>Termin ogłaszania wyników<br>egzaminu ósmoklasisty, w tym<br>termin przekazania wyników<br>szkołom</p>



<p>4 lipca 2025r.</p>



<p>Termin przekazania szkołom<br>zaświadczeń i informacji</p>



<p>do 4 lipca 2025r.</p>



<p>Termin wydania zdającym<br>zaświadczeń oraz informacji 4 lipca 2025r.</p>



<ol start="10" class="wp-block-list">
<li>Ferie letnie trwają od 28 czerwca 2025r. do 31 sierpnia 2025r.</li>



<li>Zebrania z rodzicami odbędą się w następujących terminach:<br>Data Dzień tygodnia Ogólna tematyka zebrań</li>
</ol>



<p>10.09.2024r. wtorek</p>



<ul class="wp-block-list">
<li>Organizacja roku szkolnego</li>



<li>Komunikaty dyrektora</li>



<li>Wybór trójek klasowych<br>05.11.2024r. wtorek &#8211; Sprawy bieżące</li>
</ul>



<p>12.12.2024r. czwartek &#8211; Poinformowanie o przewidywanych<br>ocenach śródrocznych z zajęć<br>edukacyjnych i zachowania,</p>



<ul class="wp-block-list">
<li>Podsumowanie pracy szkoły i klasy<br>w semestrze I.</li>
</ul>



<p>11.03.2025r. wtorek</p>



<ul class="wp-block-list">
<li>Sprawy bieżące</li>



<li>Organizacja festynu z okazji Dnia<br>Rodziny</li>
</ul>



<p>27.05.2025r. wtorek &#8211; Poinformowanie o przewidywanych<br>ocenach rocznych i końcowych z zajęć<br>edukacyjnych i zachowania.</p>



<ul class="wp-block-list">
<li>Podsumowanie pracy szkoły i klasy<br>w semestrze II></li>
</ul>



<ol class="wp-block-list">
<li>Spotkanie dyrektora z Radą Rodziców odbędzie się 10.09.2024r. (wtorek) godz. 17.30.</li>



<li>Zebrania i spotkania z rodzicami dzieci z oddziałów 3 – 4 – latków organizowane będą wg.<br>potrzeby.</li>



<li>Terminy wystawiania ocen klasyfikacyjnych z zajęć dydaktycznych i zachowania:</li>
</ol>



<p class="has-text-align-center">16 stycznia 2025r.<br>18 czerwca 2025r.</p>



<p class="has-text-align-center">Terminy rad pedagogicznych:<br>13 września 2024r.<br>16 stycznia 2025r.<br>18 czerwca 2025r.</p>



<p>Dodatkowe dni wolne od zajęć dydaktyczno – wychowawczych:<br>01 listopada 2024r. (piątek) – Święto Zmarłych<br>11 listopada 2024r. (poniedziałek) – Dzień Niepodległości<br>2 stycznia 2025r. (czwartek)<br>3 stycznia 2025r. (piątek)<br>1 maja 2025r. (czwartek)<br>2 maja 2025r. (piątek)<br>13, 14, 15 maja 2025r. (wtorek, środa, czwartek) – egzamin ósmoklasisty<br>16 maja 2025r. (piątek)<br>19 czerwca 2025r. (czwartek) – Boże Ciało</p>



<p>Terminy próbnych egzaminów ósmoklasisty – dokładne terminy zostaną przekazane przez<br>nauczycieli przedmiotów, z których uczniowie będą pisali egzamin.<br>Listopad2024r., Luty 2025r., Marzec 2025r., kwiecień 2025r. – podczas lekcji.</p>



<p>Terminy wystawiania przewidywanych ocen klasyfikacyjnych z zajęć edukacyjnych i<br>zachowania:<br>13 grudnia 2024r.<br>28 maja 2025r.</p>



<p>Terminy wystawiania ocen klasyfikacyjnych z zajęć dydaktycznych i zachowania:<br>16 stycznia 2025r.<br>18 czerwca 2025r.</p>

<p>w Publicznej Szkole Podstawowej im. Ignacego Łukasiewicza we Wrzosowie ORGANIZACJA ROKU SZKOLNEGO 2024/2025w Publicznej Szkole Podstawowej im. Ignacego Łukasiewicza we Wrzosowie W roku szkolnym 2024/2025 obowiązuje następująca organizacja: W szkołach dla dzieci i młodzieży oraz w szkołach dla dorosłych, w których nauka kończy się w semestrze wiosennym W terminie głównym W terminie dodatkowym W przypadku [&hellip;]</p>
