{"id":210,"date":"2024-09-15T21:25:56","date_gmt":"2024-09-15T19:25:56","guid":{"rendered":"http:\/\/hosting2394593.online.pro\/autoinstalator\/wordpress7\/?page_id=210"},"modified":"2026-04-27T16:38:28","modified_gmt":"2026-04-27T14:38:28","slug":"jadlospis-2","status":"publish","type":"page","link":"http:\/\/spwrzosowo.pl\/index.php\/aktualnosci\/jadlospis-2\/","title":{"rendered":"Jad\u0142ospis"},"content":{"rendered":"<div class=\"wp-block-image\">\n<figure class=\"aligncenter size-full\"><img loading=\"lazy\" decoding=\"async\" width=\"761\" height=\"227\" src=\"http:\/\/hosting2394593.online.pro\/autoinstalator\/wordpress7\/wp-content\/uploads\/2024\/05\/316-8324.jpg\" alt=\"\" class=\"wp-image-211\" srcset=\"http:\/\/spwrzosowo.pl\/wp-content\/uploads\/2024\/05\/316-8324.jpg 761w, http:\/\/spwrzosowo.pl\/wp-content\/uploads\/2024\/05\/316-8324-300x89.jpg 300w\" sizes=\"auto, (max-width: 761px) 100vw, 761px\" \/><\/figure>\n<\/div>\n\n\n<p class=\"has-text-align-center\">Jad\u0142ospis od 27.04 do 30.04 szko\u0142a&nbsp;<\/p>\n\n\n\n<p class=\"has-text-align-center\">Poniedzia\u0142ek Zupa Barszcz czerwony (300)1.7. 12 woda, wywar mi\u0119sny &nbsp;,przyprawy, w\u0142oszczyzna, ziemniaki, \u015bmietana 18% kapusta,&nbsp;<\/p>\n\n\n\n<p class=\"has-text-align-center\">Makaron Penne z kurczakiem i szpinakiem w sosie \u015bmietanowym 100\/125g 1.7<\/p>\n\n\n\n<p class=\"has-text-align-center\">Woda, przyprawy, mi\u0119so drobiowe, szpinak, \u015bmietana 30%Makaron rurki&nbsp;<\/p>\n\n\n\n<p class=\"has-text-align-center\">Kompot owocowy 250ml&nbsp;<\/p>\n\n\n\n<p class=\"has-text-align-center\">Wtorek Zupa Ros\u00f3\u0142 z makaronem (300) 1.8.<\/p>\n\n\n\n<p class=\"has-text-align-center\">Woda, wywar mi\u0119sny, przyprawy, w\u0142oszczyzna, makaron nitki<\/p>\n\n\n\n<p class=\"has-text-align-center\">Kotlet mielony 100g 1.3&nbsp;<\/p>\n\n\n\n<p class=\"has-text-align-center\">Mi\u0119so wieprzowo-drobiowe, przyprawy, olej rzepakowy, bu\u0142ka tarta,&nbsp;<\/p>\n\n\n\n<p class=\"has-text-align-center\">Ziemniaki z koperkiem 100g&nbsp;<\/p>\n\n\n\n<p class=\"has-text-align-center\">Marchew z groszkiem na ciep\u0142o 70g 1.7<\/p>\n\n\n\n<p class=\"has-text-align-center\">Kompot owocowy 250ml&nbsp;<\/p>\n\n\n\n<p class=\"has-text-align-center\">\u015aroda Zupa Og\u00f3rk\u00f3wa (300)1.7. 8<\/p>\n\n\n\n<p class=\"has-text-align-center\">Woda,wywar mi\u0119sny, przyprawy, w\u0142oszczyzna, ziemniaki, \u015bmietana 30%,przecier og\u00f3rk\u00f3wy&nbsp;<\/p>\n\n\n\n<p class=\"has-text-align-center\">\u0141azanki z mi\u0119sem i kapust\u0105 100\/125g&nbsp;<\/p>\n\n\n\n<p class=\"has-text-align-center\">Makaron kokardki, kapusta kiszona, kie\u0142basa \u015al\u0105ska, cebula, przyprawy, mi\u0119so wieprzowe, woda,&nbsp;<\/p>\n\n\n\n<p class=\"has-text-align-center\">Kompot owocowy 250ml&nbsp;<\/p>\n\n\n\n<p class=\"has-text-align-center\">Czwartek Zupa z Soczewicy (300)1.8. 12<\/p>\n\n\n\n<p class=\"has-text-align-center\">Woda,wywar mi\u0119sny, przyprawy, w\u0142oszczyzna, ziemniaki, soczewica czerwona&nbsp;<\/p>\n\n\n\n<p class=\"has-text-align-center\">Paluszki rybne Frosta 80g 1.4<\/p>\n\n\n\n<p class=\"has-text-align-center\">Ziemniaki z koperkiem 100g&nbsp;<\/p>\n\n\n\n<p class=\"has-text-align-center\">Kompot owocowy 250ml&nbsp;<\/p>\n\n\n\n<p class=\"has-text-align-center\">Przyprawy u\u017cyte w tym tygodniu s\u00f3l, pieprz, ziele angielskie, li\u015b\u0107 laurowy, kurkuma, czosnek, majeranek, papryka s\u0142odka, Zastrzega si\u0119 zmiany w jad\u0142ospisie Smacznego<\/p>\n","protected":false},"excerpt":{"rendered":"<p>Jad\u0142ospis od 27.04 do 30.04 szko\u0142a&nbsp; Poniedzia\u0142ek Zupa Barszcz czerwony (300)1.7. 12 woda, wywar mi\u0119sny &nbsp;,przyprawy, w\u0142oszczyzna, ziemniaki, \u015bmietana 18% kapusta,&nbsp; Makaron Penne z kurczakiem i szpinakiem w sosie \u015bmietanowym 100\/125g 1.7 Woda, przyprawy, mi\u0119so drobiowe, szpinak, \u015bmietana 30%Makaron rurki&nbsp; Kompot owocowy 250ml&nbsp; Wtorek Zupa Ros\u00f3\u0142 z makaronem (300) 1.8. Woda, wywar mi\u0119sny, przyprawy, w\u0142oszczyzna, [&hellip;]<\/p>\n","protected":false},"author":1,"featured_media":0,"parent":202,"menu_order":0,"comment_status":"closed","ping_status":"closed","template":"","meta":{"footnotes":""},"class_list":["post-210","page","type-page","status-publish","hentry"],"_links":{"self":[{"href":"http:\/\/spwrzosowo.pl\/index.php\/wp-json\/wp\/v2\/pages\/210","targetHints":{"allow":["GET"]}}],"collection":[{"href":"http:\/\/spwrzosowo.pl\/index.php\/wp-json\/wp\/v2\/pages"}],"about":[{"href":"http:\/\/spwrzosowo.pl\/index.php\/wp-json\/wp\/v2\/types\/page"}],"author":[{"embeddable":true,"href":"http:\/\/spwrzosowo.pl\/index.php\/wp-json\/wp\/v2\/users\/1"}],"replies":[{"embeddable":true,"href":"http:\/\/spwrzosowo.pl\/index.php\/wp-json\/wp\/v2\/comments?post=210"}],"version-history":[{"count":58,"href":"http:\/\/spwrzosowo.pl\/index.php\/wp-json\/wp\/v2\/pages\/210\/revisions"}],"predecessor-version":[{"id":4991,"href":"http:\/\/spwrzosowo.pl\/index.php\/wp-json\/wp\/v2\/pages\/210\/revisions\/4991"}],"up":[{"embeddable":true,"href":"http:\/\/spwrzosowo.pl\/index.php\/wp-json\/wp\/v2\/pages\/202"}],"wp:attachment":[{"href":"http:\/\/spwrzosowo.pl\/index.php\/wp-json\/wp\/v2\/media?parent=210"}],"curies":[{"name":"wp","href":"https:\/\/api.w.org\/{rel}","templated":true}]}}